{"id":2125,"date":"2022-07-15T15:34:43","date_gmt":"2022-07-15T15:34:43","guid":{"rendered":"https:\/\/sumin-nic.com\/?post_type=product&#038;p=2125"},"modified":"2025-03-18T21:35:43","modified_gmt":"2025-03-18T21:35:43","slug":"teclado-redragon-k552rgb-1r-s-gaming-kumara-u","status":"publish","type":"product","link":"https:\/\/sumin-nic.com\/?product=teclado-redragon-k552rgb-1r-s-gaming-kumara-u","title":{"rendered":"TECLADO REDRAGON K552RGB-1R-S GAMING KUMARA U"},"content":{"rendered":"<p>Teclado Gamer Redragon Kumara K552RGB, Teclado Mec\u00e1nico, Switch Redragon Blue, Al\u00e1mbrico, Negro (Espa\u00f1ol) Tecnologia de conectividad Alambrico Interfaz del dispositivo USB , Retroiluminacion con tipo LED RGB<\/p>\n","protected":false},"excerpt":{"rendered":"<p>Teclado Gamer Redragon Kumara K552RGB, Teclado Mec\u00e1nico, Switch Redragon Blue, Al\u00e1mbrico, Negro (Espa\u00f1ol) Tecnologia de conectividad Alambrico Interfaz del dispositivo USB , Retroiluminacion con tipo LED RGB<\/p>\n","protected":false},"featured_media":2126,"template":"","meta":{"_acf_changed":false},"product_brand":[],"product_cat":[46,50],"product_tag":[],"class_list":{"0":"post-2125","1":"product","2":"type-product","3":"status-publish","4":"has-post-thumbnail","6":"product_cat-accesorios","7":"product_cat-teclados","9":"first","10":"instock","11":"taxable","12":"shipping-taxable","13":"purchasable","14":"product-type-simple"},"acf":[],"_links":{"self":[{"href":"https:\/\/sumin-nic.com\/index.php?rest_route=\/wp\/v2\/product\/2125","targetHints":{"allow":["GET"]}}],"collection":[{"href":"https:\/\/sumin-nic.com\/index.php?rest_route=\/wp\/v2\/product"}],"about":[{"href":"https:\/\/sumin-nic.com\/index.php?rest_route=\/wp\/v2\/types\/product"}],"wp:featuredmedia":[{"embeddable":true,"href":"https:\/\/sumin-nic.com\/index.php?rest_route=\/wp\/v2\/media\/2126"}],"wp:attachment":[{"href":"https:\/\/sumin-nic.com\/index.php?rest_route=%2Fwp%2Fv2%2Fmedia&parent=2125"}],"wp:term":[{"taxonomy":"product_brand","embeddable":true,"href":"https:\/\/sumin-nic.com\/index.php?rest_route=%2Fwp%2Fv2%2Fproduct_brand&post=2125"},{"taxonomy":"product_cat","embeddable":true,"href":"https:\/\/sumin-nic.com\/index.php?rest_route=%2Fwp%2Fv2%2Fproduct_cat&post=2125"},{"taxonomy":"product_tag","embeddable":true,"href":"https:\/\/sumin-nic.com\/index.php?rest_route=%2Fwp%2Fv2%2Fproduct_tag&post=2125"}],"curies":[{"name":"wp","href":"https:\/\/api.w.org\/{rel}","templated":true}]}}