{"id":2926,"date":"2025-01-10T15:49:47","date_gmt":"2025-01-10T15:49:47","guid":{"rendered":"https:\/\/sumin-nic.com\/?post_type=product&#038;p=2926"},"modified":"2025-03-18T18:18:05","modified_gmt":"2025-03-18T18:18:05","slug":"toner-brother-tn830","status":"publish","type":"product","link":"https:\/\/sumin-nic.com\/?product=toner-brother-tn830","title":{"rendered":"TONER BROTHER TN830"},"content":{"rendered":"<p>T\u00f3ner de rendimiento est\u00e1ndar (1.200 p\u00e1ginas)<\/p>\n","protected":false},"excerpt":{"rendered":"<p>T\u00f3ner de rendimiento est\u00e1ndar (1.200 p\u00e1ginas)<\/p>\n","protected":false},"featured_media":2927,"template":"","meta":{"_acf_changed":false},"product_brand":[],"product_cat":[93,76],"product_tag":[],"class_list":{"0":"post-2926","1":"product","2":"type-product","3":"status-publish","4":"has-post-thumbnail","6":"product_cat-brother","7":"product_cat-toner","9":"first","10":"instock","11":"taxable","12":"shipping-taxable","13":"purchasable","14":"product-type-simple"},"acf":[],"_links":{"self":[{"href":"https:\/\/sumin-nic.com\/index.php?rest_route=\/wp\/v2\/product\/2926","targetHints":{"allow":["GET"]}}],"collection":[{"href":"https:\/\/sumin-nic.com\/index.php?rest_route=\/wp\/v2\/product"}],"about":[{"href":"https:\/\/sumin-nic.com\/index.php?rest_route=\/wp\/v2\/types\/product"}],"wp:featuredmedia":[{"embeddable":true,"href":"https:\/\/sumin-nic.com\/index.php?rest_route=\/wp\/v2\/media\/2927"}],"wp:attachment":[{"href":"https:\/\/sumin-nic.com\/index.php?rest_route=%2Fwp%2Fv2%2Fmedia&parent=2926"}],"wp:term":[{"taxonomy":"product_brand","embeddable":true,"href":"https:\/\/sumin-nic.com\/index.php?rest_route=%2Fwp%2Fv2%2Fproduct_brand&post=2926"},{"taxonomy":"product_cat","embeddable":true,"href":"https:\/\/sumin-nic.com\/index.php?rest_route=%2Fwp%2Fv2%2Fproduct_cat&post=2926"},{"taxonomy":"product_tag","embeddable":true,"href":"https:\/\/sumin-nic.com\/index.php?rest_route=%2Fwp%2Fv2%2Fproduct_tag&post=2926"}],"curies":[{"name":"wp","href":"https:\/\/api.w.org\/{rel}","templated":true}]}}