{"id":3128,"date":"2025-11-11T17:14:40","date_gmt":"2025-11-11T17:14:40","guid":{"rendered":"https:\/\/sumin-nic.com\/?post_type=product&#038;p=3128"},"modified":"2025-11-11T17:18:04","modified_gmt":"2025-11-11T17:18:04","slug":"contadora-de-billetes-sat-bc5120-plus","status":"publish","type":"product","link":"https:\/\/sumin-nic.com\/?product=contadora-de-billetes-sat-bc5120-plus","title":{"rendered":"Contadora de Billetes SAT BC5120 Plus"},"content":{"rendered":"<p>La Contadora de Billetes SAT BC5120 PLUS+ es una soluci\u00f3n avanzada para contar, denominar y clasificar billetes con alta precisi\u00f3n. Dise\u00f1ada para negocios de alto volumen, como casinos y bancos, ofrece detecci\u00f3n de billetes falsos con tecnolog\u00edas UV, MG, IR, DD y CIS, con una efectividad del 95%.<\/p>\n<p>Su velocidad alcanza hasta 1000 billetes por minuto, y acepta hasta 10 tipos de divisas. Incorpora una impresora t\u00e9rmica para generar reportes de conteo y cuenta con una capacidad de tolva de 500 billetes. Ideal para entornos de trabajo exigentes, esta contadora optimiza el manejo de efectivo con seguridad y eficiencia.<\/p>\n","protected":false},"excerpt":{"rendered":"<p>La Contadora de Billetes SAT BC5120 PLUS+ es una soluci\u00f3n avanzada para contar, denominar y clasificar billetes con alta precisi\u00f3n. Dise\u00f1ada para negocios de alto volumen, como casinos y bancos, ofrece detecci\u00f3n de billetes falsos con tecnolog\u00edas UV, MG, IR, DD y CIS, con una efectividad del 95%. Su velocidad alcanza hasta 1000 billetes por [&hellip;]<\/p>\n","protected":false},"featured_media":3129,"template":"","meta":{"_acf_changed":false},"product_brand":[],"product_cat":[46,48],"product_tag":[],"class_list":{"0":"post-3128","1":"product","2":"type-product","3":"status-publish","4":"has-post-thumbnail","6":"product_cat-accesorios","7":"product_cat-varios","9":"first","10":"instock","11":"taxable","12":"shipping-taxable","13":"purchasable","14":"product-type-simple"},"acf":[],"_links":{"self":[{"href":"https:\/\/sumin-nic.com\/index.php?rest_route=\/wp\/v2\/product\/3128","targetHints":{"allow":["GET"]}}],"collection":[{"href":"https:\/\/sumin-nic.com\/index.php?rest_route=\/wp\/v2\/product"}],"about":[{"href":"https:\/\/sumin-nic.com\/index.php?rest_route=\/wp\/v2\/types\/product"}],"wp:featuredmedia":[{"embeddable":true,"href":"https:\/\/sumin-nic.com\/index.php?rest_route=\/wp\/v2\/media\/3129"}],"wp:attachment":[{"href":"https:\/\/sumin-nic.com\/index.php?rest_route=%2Fwp%2Fv2%2Fmedia&parent=3128"}],"wp:term":[{"taxonomy":"product_brand","embeddable":true,"href":"https:\/\/sumin-nic.com\/index.php?rest_route=%2Fwp%2Fv2%2Fproduct_brand&post=3128"},{"taxonomy":"product_cat","embeddable":true,"href":"https:\/\/sumin-nic.com\/index.php?rest_route=%2Fwp%2Fv2%2Fproduct_cat&post=3128"},{"taxonomy":"product_tag","embeddable":true,"href":"https:\/\/sumin-nic.com\/index.php?rest_route=%2Fwp%2Fv2%2Fproduct_tag&post=3128"}],"curies":[{"name":"wp","href":"https:\/\/api.w.org\/{rel}","templated":true}]}}