{"id":3271,"date":"2026-04-18T16:27:47","date_gmt":"2026-04-18T16:27:47","guid":{"rendered":"https:\/\/sumin-nic.com\/?post_type=product&#038;p=3271"},"modified":"2026-04-18T16:27:47","modified_gmt":"2026-04-18T16:27:47","slug":"combo-logitech-920-013052-pop-icon","status":"publish","type":"product","link":"https:\/\/sumin-nic.com\/?product=combo-logitech-920-013052-pop-icon","title":{"rendered":"COMBO LOGITECH 920-013052 POP ICON"},"content":{"rendered":"<p>un teclado y un mouse inal\u00e1mbricos elegantes, compactos y personalizables, con teclas de acci\u00f3n y botones de acci\u00f3n, escritura c\u00f3moda y desplazamiento r\u00e1pido<\/p>\n","protected":false},"excerpt":{"rendered":"<p>un teclado y un mouse inal\u00e1mbricos elegantes, compactos y personalizables, con teclas de acci\u00f3n y botones de acci\u00f3n, escritura c\u00f3moda y desplazamiento r\u00e1pido<\/p>\n","protected":false},"featured_media":3272,"template":"","meta":{"_acf_changed":false},"product_brand":[],"product_cat":[46,50],"product_tag":[],"class_list":{"0":"post-3271","1":"product","2":"type-product","3":"status-publish","4":"has-post-thumbnail","6":"product_cat-accesorios","7":"product_cat-teclados","9":"first","10":"instock","11":"taxable","12":"shipping-taxable","13":"purchasable","14":"product-type-simple"},"acf":[],"_links":{"self":[{"href":"https:\/\/sumin-nic.com\/index.php?rest_route=\/wp\/v2\/product\/3271","targetHints":{"allow":["GET"]}}],"collection":[{"href":"https:\/\/sumin-nic.com\/index.php?rest_route=\/wp\/v2\/product"}],"about":[{"href":"https:\/\/sumin-nic.com\/index.php?rest_route=\/wp\/v2\/types\/product"}],"wp:featuredmedia":[{"embeddable":true,"href":"https:\/\/sumin-nic.com\/index.php?rest_route=\/wp\/v2\/media\/3272"}],"wp:attachment":[{"href":"https:\/\/sumin-nic.com\/index.php?rest_route=%2Fwp%2Fv2%2Fmedia&parent=3271"}],"wp:term":[{"taxonomy":"product_brand","embeddable":true,"href":"https:\/\/sumin-nic.com\/index.php?rest_route=%2Fwp%2Fv2%2Fproduct_brand&post=3271"},{"taxonomy":"product_cat","embeddable":true,"href":"https:\/\/sumin-nic.com\/index.php?rest_route=%2Fwp%2Fv2%2Fproduct_cat&post=3271"},{"taxonomy":"product_tag","embeddable":true,"href":"https:\/\/sumin-nic.com\/index.php?rest_route=%2Fwp%2Fv2%2Fproduct_tag&post=3271"}],"curies":[{"name":"wp","href":"https:\/\/api.w.org\/{rel}","templated":true}]}}