{"id":3297,"date":"2026-05-02T14:42:16","date_gmt":"2026-05-02T14:42:16","guid":{"rendered":"https:\/\/sumin-nic.com\/?post_type=product&#038;p=3297"},"modified":"2026-05-02T14:42:17","modified_gmt":"2026-05-02T14:42:17","slug":"impresora-hp-60k46a-2874-aio","status":"publish","type":"product","link":"https:\/\/sumin-nic.com\/?product=impresora-hp-60k46a-2874-aio","title":{"rendered":"IMPRESORA HP 60K46A  2874 AIO"},"content":{"rendered":"<p>Imprima\/escanee\/copie sin esfuerzos con esta impresora inal\u00e1mbrica compacta con cartuchos opcionales de alto rendimiento, combinados con la aplicaci\u00f3n de impresi\u00f3n m\u00e1s f\u00e1cil de usar. <\/p>\n","protected":false},"excerpt":{"rendered":"<p>Imprima\/escanee\/copie sin esfuerzos con esta impresora inal\u00e1mbrica compacta con cartuchos opcionales de alto rendimiento, combinados con la aplicaci\u00f3n de impresi\u00f3n m\u00e1s f\u00e1cil de usar.<\/p>\n","protected":false},"featured_media":3298,"template":"","meta":{"_acf_changed":false},"product_brand":[],"product_cat":[72,73],"product_tag":[],"class_list":{"0":"post-3297","1":"product","2":"type-product","3":"status-publish","4":"has-post-thumbnail","6":"product_cat-equipos-de-impresiones","7":"product_cat-impresoras","9":"first","10":"instock","11":"taxable","12":"shipping-taxable","13":"purchasable","14":"product-type-simple"},"acf":[],"_links":{"self":[{"href":"https:\/\/sumin-nic.com\/index.php?rest_route=\/wp\/v2\/product\/3297","targetHints":{"allow":["GET"]}}],"collection":[{"href":"https:\/\/sumin-nic.com\/index.php?rest_route=\/wp\/v2\/product"}],"about":[{"href":"https:\/\/sumin-nic.com\/index.php?rest_route=\/wp\/v2\/types\/product"}],"wp:featuredmedia":[{"embeddable":true,"href":"https:\/\/sumin-nic.com\/index.php?rest_route=\/wp\/v2\/media\/3298"}],"wp:attachment":[{"href":"https:\/\/sumin-nic.com\/index.php?rest_route=%2Fwp%2Fv2%2Fmedia&parent=3297"}],"wp:term":[{"taxonomy":"product_brand","embeddable":true,"href":"https:\/\/sumin-nic.com\/index.php?rest_route=%2Fwp%2Fv2%2Fproduct_brand&post=3297"},{"taxonomy":"product_cat","embeddable":true,"href":"https:\/\/sumin-nic.com\/index.php?rest_route=%2Fwp%2Fv2%2Fproduct_cat&post=3297"},{"taxonomy":"product_tag","embeddable":true,"href":"https:\/\/sumin-nic.com\/index.php?rest_route=%2Fwp%2Fv2%2Fproduct_tag&post=3297"}],"curies":[{"name":"wp","href":"https:\/\/api.w.org\/{rel}","templated":true}]}}