{"id":617,"date":"2021-07-28T18:30:47","date_gmt":"2021-07-28T18:30:47","guid":{"rendered":"https:\/\/sumin-nic.com\/product\/teclado-wireless-logitech\/"},"modified":"2025-03-20T19:01:35","modified_gmt":"2025-03-20T19:01:35","slug":"teclado-wireless-logitech","status":"publish","type":"product","link":"https:\/\/sumin-nic.com\/?product=teclado-wireless-logitech","title":{"rendered":"TECLADO WIRELESS LOGITECH"},"content":{"rendered":"<p>Teclado inal\u00e1mbrico Plug and Play con un touchpad integrado para controlar desde el sof\u00e1 la PC conectada a la TV. El K400 es un silencioso teclado f\u00e1cil de usar, con un touchpad integrado y todas las teclas de acceso r\u00e1pido favoritas de los usuarios de Windows\u00ae y Android\u2122. Los controles multimedia simplifican la navegaci\u00f3n en un televisor conectado a una PC. General<br \/>\nAltura: 139,9 mm<br \/>\nAncho: 354,3 mm<br \/>\nProfundidad: 23,5 mm<br \/>\nPeso: 390 g (con bater\u00edas) Touchpad<br \/>\nAltura: 76 mm<br \/>\nAncho: 47 mm<\/p>\n","protected":false},"excerpt":{"rendered":"<p>Teclado inal\u00e1mbrico Plug and Play con un touchpad integrado para controlar desde el sof\u00e1 la PC conectada a la TV. El K400 es un silencioso teclado f\u00e1cil de usar, con un touchpad integrado y todas las teclas de acceso r\u00e1pido favoritas de los usuarios de Windows\u00ae y Android\u2122. Los controles multimedia simplifican la navegaci\u00f3n en [&hellip;]<\/p>\n","protected":false},"featured_media":44,"template":"","meta":{"_acf_changed":false},"product_brand":[],"product_cat":[46,50],"product_tag":[],"class_list":{"0":"post-617","1":"product","2":"type-product","3":"status-publish","4":"has-post-thumbnail","6":"product_cat-accesorios","7":"product_cat-teclados","9":"first","10":"instock","11":"taxable","12":"shipping-taxable","13":"purchasable","14":"product-type-simple"},"acf":[],"_links":{"self":[{"href":"https:\/\/sumin-nic.com\/index.php?rest_route=\/wp\/v2\/product\/617","targetHints":{"allow":["GET"]}}],"collection":[{"href":"https:\/\/sumin-nic.com\/index.php?rest_route=\/wp\/v2\/product"}],"about":[{"href":"https:\/\/sumin-nic.com\/index.php?rest_route=\/wp\/v2\/types\/product"}],"wp:featuredmedia":[{"embeddable":true,"href":"https:\/\/sumin-nic.com\/index.php?rest_route=\/wp\/v2\/media\/44"}],"wp:attachment":[{"href":"https:\/\/sumin-nic.com\/index.php?rest_route=%2Fwp%2Fv2%2Fmedia&parent=617"}],"wp:term":[{"taxonomy":"product_brand","embeddable":true,"href":"https:\/\/sumin-nic.com\/index.php?rest_route=%2Fwp%2Fv2%2Fproduct_brand&post=617"},{"taxonomy":"product_cat","embeddable":true,"href":"https:\/\/sumin-nic.com\/index.php?rest_route=%2Fwp%2Fv2%2Fproduct_cat&post=617"},{"taxonomy":"product_tag","embeddable":true,"href":"https:\/\/sumin-nic.com\/index.php?rest_route=%2Fwp%2Fv2%2Fproduct_tag&post=617"}],"curies":[{"name":"wp","href":"https:\/\/api.w.org\/{rel}","templated":true}]}}